ivative of y(x). Determine g(-14).
-3
Let c(q) = -q**2 + 6*q + 2. Suppose 0 = -5*r - 3*f + 98, 2*r - 36 + 0 = -2*f. Suppose -2*w + r = 3*y + 1, -13 = -5*y + 4*w. Give c(y).
7
Suppose 0*w = 5*w - 10. Suppose -4*m - 18 = w. Let i(x) = x - 2. Calculate i(m).
-7
Let k(n) = 5*n**2 + 10*n - 2. Let b(w) = 6*w**2 + 11*w - 3. Let x(i) = 6*b(i) - 7*k(i). Let y = 18 - -9. Let j be y/6 - 2/4. Calculate x(j).
-4
Suppose -108 = 3*r - 6*r. Let p = -35 + r. Let a(w) = 4*w**2 + 0 + 0. Calculate a(p).
4
Let v(i) = 22*i + 2. Suppose 0 = -9*l - 51 + 60. Give v(l).
24
Let k(i) be the third derivative of -i**7/420 - i**6/72 - i**5/120 + i**4/12 - 2*i**3 + 10*i**2. Let b(s) be the first derivative of k(s). What is b(-3)?
14
Let s(m) = m**3 - 7*m**2 - 7*m. Let i(u) = -u**3 + 21*u**2 - 18*u - 32. Let y be i(20). What is s(y)?
8
Let o be 0/(-2) - (-8 - -5). Suppose o*n = 6*n - 12. Let i(m) = 2*m + 4 - 3*m + 3*m. Determine i(n).
12
Let r(h) = 2*h**3 + 5*h**2 + 5 - 3*h**3 + 6*h - 9. Suppose -3*c + 24 = 6. Give r(c).
-4
Let c(p) = 3*p + 5. Let i be ((-3)/2)/(9/48*2). Let b be c(i). Let a(r) = -r**2 - 5*r + 1. Give a(b).
-13
Let o(v) = -2*v - 6. Let j(r) = r**3 + 15*r**2 - 17*r - 8. Let w be j(-16). Let l be ((-15)/10)/(2/w). Determine o(l).
6
Let g(n) = -n**2 - 3*n + 1. Let d(w) = 5*w**2 + 6*w. Let p(l) = -d(l) - 6*g(l). Give p(-12).
-6
Suppose -3*a - x - 17 = 28, -2*a = -2*x + 30. Let v be 0*(-2 + (-35)/a). Let n(y) = -y**2 - y - 6. What is n(v)?
-6
Let w(x) be the third derivative of -5*x**4/24 - 3*x**3/2 - 46*x**2 + 4. Calculate w(-5).
16
Let a = -7 + 10. Suppose 0 = -f - 5*f. Let c(v) = 4 - v**2 + f*v**2 - 5 + 2*v**2. Calculate c(a).
8
Let r = 9 - 7. Let w(b) = 0 - 3*b**3 + 120*b - 119*b + 0 + r*b**2. Determine w(-1).
4
Let c(m) = 0 + 11 - 5 - 4*m - 8. Let l = 52 + -30. Let k = l - 24. Determine c(k).
6
Let c be -5*(2 - 5)/3. Suppose 2*m + y - 58 = -2*y, -y + 132 = c*m. Let l be m/4 - (-1)/2. Let a(w) = -w**3 + 7*w**2 - 5. Determine a(l).
-5
Let y(q) = -3*q + 3. Suppose -7*g - 5*v - 20 = -2*g, 4*v = 2*g + 14. Determine y(g).
18
Let z(h) = -1 - 4*h + 0*h**3 + 0 - 1 - 2*h**2 + h**3. Suppose 0*a = -a + 4. Let o be 30/(-20) - 2/a. Determine z(o).
-10
Let o be 0/(-2 + 4) - -1. Let j(z) = -1 - 1 - 5*z**2 - 2*z - o - z**3. What is j(-5)?
7
Let p = -30 + 39. Let y(t) = -t**2 - 9*t - 1 + 12 - 9 - p. What is y(-7)?
7
Let x = 1 + 8. Let i(z) = z**3 + x*z + 6*z + 8*z**2 - 9*z + 6. Let n = 4 - 11. Give i(n).
13
Suppose 0 = 5*x - 4 - 16. Suppose -x*d - 1 = -3*u, 2*u + 4 = 2. Let q(o) = o - 1. Let l(b) = 14*b - 7. Let p(m) = -l(m) + 7*q(m). Give p(d).
7
Let n be (-46)/(-8) + 2/8. Let g(k) be the second derivative of -k**3/6 + k**2 + 12*k - 20. Give g(n).
-4
Let b(c) = c**2 - 4*c - 3. Suppose 4*s + 2*r = -44, 5*s = 4*r - 63 - 18. Let h = s - -11. Give b(h).
9
Let f(x) = x**2 + 13*x - 15. Let c(l) = l**3 + 10*l**2 - 14. Let m be c(-10). Give f(m).
-1
Let w be 3*-4*3/(-9). Suppose 20 = w*d - 9*d. Let f(b) = -5*b**2 - 7*b + b**2 + 3*b**2 - 5. What is f(d)?
7
Let c(o) = o - 11. Let a be (-3)/(28/(-8) - (0 + -2)). Suppose 3*p + 4*m = 23, -p + m = a*m - 7. Calculate c(p).
-6
Let g(d) = -d**3 - 11*d**2 - d - 8. Let w be g(-11). Suppose -23*y = -22*y - w. Let i(c) be the third derivative of -c**4/24 - c**3/2 - c**2. What is i(y)?
-6
Let c(p) be the third derivative of 0 + 1/6*p**3 - 1/8*p**4 + 0*p + 12*p**2. Give c(-6).
19
Let s(b) = b**2 + 10*b - 3. Let w be s(-11). Let i(q) = 0 + 4*q + 3 + 5*q**2 - q**3 - w*q. Calculate i(4).
3
Let h(a) = -25*a**2 - a**3 - 32*a**2 + 62*a**2 + 3. Let s(p) = 4*p - 7. Let f be s(3). Give h(f).
3
Suppose -5*f - 4 + 7 = 4*i, 3*f + 13 = 5*i. Suppose i*y = y. Let v(g) = -94 + 55 + 42 + g. Give v(y).
3
Let v(d) be the second derivative of d**4/12 - 7*d**3/6 - 33*d**2/2 + 24*d. Calculate v(10).
-3
Suppose 0 = 3*r - 1 - 11. Suppose r*x = -2*x - 54. Let d(f) = -f**2 - 8*f + 6. Give d(x).
-3
Suppose -4*j + 4*n = 0, -3*j - 4*n = -0*n - 14. Let o(w) be the first derivative of w**3 - w**2 - 7 + w - 1/4*w**4. Calculate o(j).
1
Let c(b) = -b**3 + 5*b**2 - b + 6. Suppose d - 11 + 2 = 0. Suppose -5 = 8*z - d*z. What is c(z)?
1
Let v(a) = 6 + 16*a**2 + 28*a**2 - a - 45*a**2 - 2*a. Let t(g) = g - 1. Let w be t(5). Suppose -w*i = -2 + 22. Give v(i).
-4
Let c(f) be the first derivative of -1/4*f**4 + 0*f + 0*f**3 + 2 + 2*f**2. Calculate c(-3).
15
Let m(f) be the third derivative of f**4/6 + f**3/6 - 3*f**2 + 59*f. Calculate m(-2).
-7
Let h(s) be the second derivative of -s**6/360 - s**5/60 - s**4/24 - s**3/6 - 14*s. Let l(m) be the second derivative of h(m). Give l(-1).
0
Let l(n) = -2*n**2 - 3*n + 1. Suppose 382 - 367 = 5*w. Determine l(w).
-26
Let v be (6/(-10))/((-2)/20). Let y(q) = -6*q + 5*q**2 - q**2 - v*q**2 + 7*q. Determine y(-1).
-3
Let o(a) be the second derivative of -a**4/12 + a**3/6 + a**2/2 + 4*a. Suppose -2*k + 4 + 2 = 0. Suppose -3*f = k + 6. Give o(f).
-11
Let z(o) = o**3 - 2*o**2 - 3*o + 1. Suppose 0 = -5*d + 3*d + 10. Let i(k) = 11 + 4*k + 3 - 7 - k**2 + 0*k. Let j be i(d). Give z(j).
-5
Let g(i) = 1. Let x(w) = -2*w - 1. Let k(n) = 5*g(n) - x(n). Let v = -217 - -214. Determine k(v).
0
Let o = 1331 - 1326. Let q(f) = -2*f**2 + 7*f + 1. Determine q(o).
-14
Let g(t) = 11*t + 57. Suppose 4*q + 30 = 2*m, -q + 16 = -5*m + 37. Determine g(q).
-9
Let h(r) = r**3 - r**2 - r + 5. Let f(s) = -20*s**3 - 1. Let t be f(-1). Let c(k) = k**3 - 19*k**2 - k + 19. Let o be c(t). Determine h(o).
5
Suppose 2*d + 4*r = 0, 3*d - 5*r = 2*d + 14. Let a(c) = 3*c - 6. What is a(d)?
6
Let h = 34 - 31. Suppose -2 = h*n - 4*n. Let j(z) = 8*z - 5 + 11*z**n - 26*z**2 + 14*z**2. Determine j(5).
10
Let j(g) be the third derivative of -6*g**2 - 1/12*g**4 - 9/2*g**3 + 0 + 0*g. Let o be j(-11). Let v(b) = b**2 + 4*b - 3. Give v(o).
2
Suppose 4*v + 4*j = -20, -2*j + 19 = -5*v + 1. Let z(u) = -1. Let p(y) = y + 2. Let m(w) = p(w) - 3*z(w). Determine m(v).
1
Let w(r) = -7*r - 157. Let n be w(-22). Let u(d) = -d**3 - 2*d**2 + 5*d + 2. What is u(n)?
-4
Suppose 3*z - 16 = 7*z + 2*g, -2*z + 5*g = -4. Let l(b) = -b - 2. Let k be l(-5). Let o(a) = k + 3 + 4*a - 2 - 2*a. What is o(z)?
-2
Let b(q) be the second derivative of q**5/20 + q**4/2 - 7*q**3/6 - 8*q. Let h(r) = -r**3 - 7*r**2 + 18*r - 7. Let j be h(-9). What is b(j)?
0
Suppose -2*s = 24*s + 260. Let f(c) = -5*c - 7. What is f(s)?
43
Let d = 4 - 7. Suppose 0 = j - 0 - 4. Let z(s) = s - 8. Let w(r) = 2*r - 8. Let u(l) = d*w(l) + j*z(l). What is u(-6)?
4
Let f(r) = r + 15. Let h = -115 - -102. Give f(h).
2
Let s = -63 - -65. Let g(a) = s*a + 436 - 436. Let o = 8 + -4. What is g(o)?
8
Let l(f) = 7*f - 15. Let b(j) = 3*j - 7. Let d(c) = 9*b(c) - 4*l(c). Suppose 4*v - r = 3*r - 40, r = 3*v + 22. Give d(v).
3
Suppose -55 = -l + 6*l - 5*s, 2*l - 13 = -5*s. Let j(t) = t**3 + 7*t**2 + 3*t + 3. Give j(l).
21
Let b(n) = -n**2 + 5*n - 1. Suppose x - 6 = -x. Suppose 2*c - 18 = -5*h, 4*h - x*c = 6 + 13. Calculate b(h).
3
Let p = -3 - -3. Let k(i) = p*i**2 + 6 - 9*i + i**2 + 3*i. Let m be (-6)/6 - -6 - -1. Determine k(m).
6
Let f = -4 + 6. Let v(q) = q**2 - 4*q + 1. Let t(g) = g**2 - 4*g + 1. Let j(c) = c**3 - 3*c**2 - 4*c - 3. Let n be j(4). Let l(p) = n*t(p) + 2*v(p). Give l(f).
3
Suppose 130*v - 16 = 138*v. Let u(z) = -z**2 + z. Calculate u(v).
-6
Suppose 0 = -216*z + 213*z - 21. Let u(k) = -13*k**3 + 13*k**2 - 7*k - 10. Let c(w) = 4*w**3 - 4*w**2 + 2*w + 3. Let s(y) = z*c(y) - 2*u(y). Calculate s(-1).
3
Let m(c) = 7*c + 4. Let h(q) = 6*q + 4. Let d(y) = 6*h(y) - 5*m(y). Let k be 9/((-27)/(-6)) - 20. Let g = -23 - k. Determine d(g).
-1
Let v(s) = 554 + 7*s - 8*s - s**3 - 557 + s**2. Suppose -3*l - 9 = 0, 5*c - 2*l + 5*l + 14 = 0. Let m = -1 - c. Give v(m).
-3
Let a(s) = -s + 2. Let h(g) = -8*g + 17. Suppose -2*f + 0*f = 14. Let j = f + 13. Let d(i) = j*h(i) - 51*a(i). What is d(3)?
9
Suppose -54 = 20*u - 114. Let g(m) = 3*m - m + 3*m**3 - 2*m**2 - 2*m**3. Determine g(u).
15
Let f(t) be the third derivative of -t**5/60 - 5*t**4/24 - t**3/2 + 11*t**2. Calculate f(-3).
3
Let h(p) = 2*p**3 - p**2 + 2*p - 1. Let l = 60 - 95. Let s = l - -25. Let d = 11 + s. Calculate h(d).
2
Let i(l) = -l**2 + 3*l - 4. Let b(q) = -q**2 + 7*q - 7. Suppose 6*u - u = 125. Suppose -4*r + 9*r - u = 0. Let n be b(r). Determine i(n).
-4
Let c be (0 - -1)/((-1)/4). Let w(y) be the fir